{"id":48319,"date":"2026-09-02T16:31:46","date_gmt":"2026-09-02T14:31:46","guid":{"rendered":"https:\/\/www.arteaporte.com\/?post_type=product&#038;p=48319"},"modified":"2026-09-02T16:31:46","modified_gmt":"2026-09-02T14:31:46","slug":"al-filo-delle-vite","status":"publish","type":"product","link":"https:\/\/www.arteaporte.com\/en\/product\/al-filo-delle-vite\/","title":{"rendered":"Al filo delle vite"},"content":{"rendered":"<p>Una volta effettuato l\u2019acquisto, sarai messo in contatto con il nostro staff per definire la modalit\u00e0 di consegna.<br \/>\nSe hai necessit\u00e0 specifiche, puoi contattare il team di Art\u00e0porter: <a href=\"mailto:info@artaporter.it\">info@artaporter.it<\/a><\/p>","protected":false},"excerpt":{"rendered":"<p><a href=\"https:\/\/www.arteaporte.com\/avada_portfolio\/sandrine-pillon\/\">Sandrine Pillon<\/a><\/p>\n<p>&nbsp;<\/p>\n<p>Tecnica: Stampa di una fotografia su cotone, rielaborata con pennarello e pittura, quindi cucita a mano<\/p>\n<p>Anno: 2026<\/p>\n<p>Dimensione: 33cm x 120cm<\/p>\n<p>Descrizione: Cammino tra tombe dimenticate in ogni continente che visito<br \/>\nPerch\u00e9 proprio questa e non un&#8217;altra? \u2028Non lo so.<br \/>\nQualcosa si ferma in me. E questo basta.<br \/>\nFotografo le tracce lasciate da una vita.<br \/>\nL&#8217;immagine \u00e8 stampata sul cotone. La riprendo con il pennarello e la pittura, poi la cucio.<br \/>\nNon cerco n\u00e9 di riparare n\u00e9 di abbellire.\u2028Rendo omaggio.<br \/>\nIl filo entra ed esce, al ritmo del respiro.<br \/>\nPer un istante, veglia sulle tracce che il tempo ha reso silenziose.<\/p>","protected":false},"featured_media":48323,"template":"","meta":{"_acf_changed":false,"inline_featured_image":false},"product_brand":[],"product_cat":[450,201,3583],"product_tag":[],"class_list":["post-48319","product","type-product","status-publish","has-post-thumbnail","product_cat-concettuale","product_cat-extralarge","product_cat-sandrine-pillon","first","instock","downloadable","virtual","purchasable","product-type-simple"],"acf":[],"yoast_head":"<!-- This site is optimized with the Yoast SEO plugin v27.6 - https:\/\/yoast.com\/product\/yoast-seo-wordpress\/ -->\n<title>Al filo delle vite | Arteaporte<\/title>\n<meta name=\"robots\" content=\"index, follow, max-snippet:-1, max-image-preview:large, max-video-preview:-1\" \/>\n<link rel=\"canonical\" href=\"https:\/\/www.arteaporte.com\/en\/product\/al-filo-delle-vite\/\" \/>\n<meta property=\"og:locale\" content=\"en_GB\" \/>\n<meta property=\"og:type\" content=\"article\" \/>\n<meta property=\"og:title\" content=\"Al filo delle vite | Arteaporte\" \/>\n<meta property=\"og:description\" content=\"Sandrine Pillon  &nbsp;  Tecnica: Stampa di una fotografia su cotone, rielaborata con pennarello e pittura, quindi cucita a mano  Anno: 2026  Dimensione: 33cm x 120cm  Descrizione: Cammino tra tombe dimenticate in ogni continente che visito Perch\u00e9 proprio questa e non un&#039;altra? \u2028Non lo so. Qualcosa si ferma in me. E questo basta. Fotografo le tracce lasciate da una vita. L&#039;immagine \u00e8 stampata sul cotone. La riprendo con il pennarello e la pittura, poi la cucio. Non cerco n\u00e9 di riparare n\u00e9 di abbellire.\u2028Rendo omaggio. Il filo entra ed esce, al ritmo del respiro. Per un istante, veglia sulle tracce che il tempo ha reso silenziose.\" \/>\n<meta property=\"og:url\" content=\"https:\/\/www.arteaporte.com\/en\/product\/al-filo-delle-vite\/\" \/>\n<meta property=\"og:site_name\" content=\"Arteaporte\" \/>\n<meta property=\"article:publisher\" content=\"https:\/\/www.facebook.com\/artaporter.it\" \/>\n<meta property=\"og:image\" content=\"https:\/\/www.arteaporte.com\/wp-content\/uploads\/2026\/09\/al-filo.jpg\" \/>\n\t<meta property=\"og:image:width\" content=\"800\" \/>\n\t<meta property=\"og:image:height\" content=\"800\" \/>\n\t<meta property=\"og:image:type\" content=\"image\/jpeg\" \/>\n<meta name=\"twitter:card\" content=\"summary_large_image\" \/>\n<meta name=\"twitter:label1\" content=\"Estimated reading time\" \/>\n\t<meta name=\"twitter:data1\" content=\"1 minute\" \/>\n<script type=\"application\/ld+json\" class=\"yoast-schema-graph\">{\"@context\":\"https:\\\/\\\/schema.org\",\"@graph\":[{\"@type\":\"WebPage\",\"@id\":\"https:\\\/\\\/www.arteaporte.com\\\/prodotto\\\/al-filo-delle-vite\\\/\",\"url\":\"https:\\\/\\\/www.arteaporte.com\\\/prodotto\\\/al-filo-delle-vite\\\/\",\"name\":\"Al filo delle vite | Arteaporte\",\"isPartOf\":{\"@id\":\"https:\\\/\\\/www.arteaporte.com\\\/#website\"},\"primaryImageOfPage\":{\"@id\":\"https:\\\/\\\/www.arteaporte.com\\\/prodotto\\\/al-filo-delle-vite\\\/#primaryimage\"},\"image\":{\"@id\":\"https:\\\/\\\/www.arteaporte.com\\\/prodotto\\\/al-filo-delle-vite\\\/#primaryimage\"},\"thumbnailUrl\":\"https:\\\/\\\/www.arteaporte.com\\\/wp-content\\\/uploads\\\/2026\\\/09\\\/al-filo.jpg\",\"datePublished\":\"2026-09-02T14:31:46+00:00\",\"breadcrumb\":{\"@id\":\"https:\\\/\\\/www.arteaporte.com\\\/prodotto\\\/al-filo-delle-vite\\\/#breadcrumb\"},\"inLanguage\":\"en-GB\",\"potentialAction\":[{\"@type\":\"ReadAction\",\"target\":[\"https:\\\/\\\/www.arteaporte.com\\\/prodotto\\\/al-filo-delle-vite\\\/\"]}]},{\"@type\":\"ImageObject\",\"inLanguage\":\"en-GB\",\"@id\":\"https:\\\/\\\/www.arteaporte.com\\\/prodotto\\\/al-filo-delle-vite\\\/#primaryimage\",\"url\":\"https:\\\/\\\/www.arteaporte.com\\\/wp-content\\\/uploads\\\/2026\\\/09\\\/al-filo.jpg\",\"contentUrl\":\"https:\\\/\\\/www.arteaporte.com\\\/wp-content\\\/uploads\\\/2026\\\/09\\\/al-filo.jpg\",\"width\":800,\"height\":800},{\"@type\":\"BreadcrumbList\",\"@id\":\"https:\\\/\\\/www.arteaporte.com\\\/prodotto\\\/al-filo-delle-vite\\\/#breadcrumb\",\"itemListElement\":[{\"@type\":\"ListItem\",\"position\":1,\"name\":\"Home\",\"item\":\"https:\\\/\\\/www.arteaporte.com\\\/\"},{\"@type\":\"ListItem\",\"position\":2,\"name\":\"Opere\",\"item\":\"https:\\\/\\\/www.arteaporte.com\\\/opere\\\/\"},{\"@type\":\"ListItem\",\"position\":3,\"name\":\"Al filo delle vite\"}]},{\"@type\":\"WebSite\",\"@id\":\"https:\\\/\\\/www.arteaporte.com\\\/#website\",\"url\":\"https:\\\/\\\/www.arteaporte.com\\\/\",\"name\":\"Arteaporte\",\"description\":\"Connecting Artists, Spaces and Brands\",\"publisher\":{\"@id\":\"https:\\\/\\\/www.arteaporte.com\\\/#organization\"},\"potentialAction\":[{\"@type\":\"SearchAction\",\"target\":{\"@type\":\"EntryPoint\",\"urlTemplate\":\"https:\\\/\\\/www.arteaporte.com\\\/?s={search_term_string}\"},\"query-input\":{\"@type\":\"PropertyValueSpecification\",\"valueRequired\":true,\"valueName\":\"search_term_string\"}}],\"inLanguage\":\"en-GB\"},{\"@type\":\"Organization\",\"@id\":\"https:\\\/\\\/www.arteaporte.com\\\/#organization\",\"name\":\"Art\u00e0porter\",\"url\":\"https:\\\/\\\/www.arteaporte.com\\\/\",\"logo\":{\"@type\":\"ImageObject\",\"inLanguage\":\"en-GB\",\"@id\":\"https:\\\/\\\/www.arteaporte.com\\\/#\\\/schema\\\/logo\\\/image\\\/\",\"url\":\"https:\\\/\\\/arteaporte.com\\\/wp-content\\\/uploads\\\/2021\\\/10\\\/Artaporter-logo-normal2.jpg\",\"contentUrl\":\"https:\\\/\\\/arteaporte.com\\\/wp-content\\\/uploads\\\/2021\\\/10\\\/Artaporter-logo-normal2.jpg\",\"width\":200,\"height\":48,\"caption\":\"Art\u00e0porter\"},\"image\":{\"@id\":\"https:\\\/\\\/www.arteaporte.com\\\/#\\\/schema\\\/logo\\\/image\\\/\"},\"sameAs\":[\"https:\\\/\\\/www.facebook.com\\\/artaporter.it\",\"https:\\\/\\\/www.instagram.com\\\/art.aporter\\\/?hl=it\"]}]}<\/script>\n<!-- \/ Yoast SEO plugin. -->","yoast_head_json":{"title":"Al filo delle vite | Arteaporte","robots":{"index":"index","follow":"follow","max-snippet":"max-snippet:-1","max-image-preview":"max-image-preview:large","max-video-preview":"max-video-preview:-1"},"canonical":"https:\/\/www.arteaporte.com\/en\/product\/al-filo-delle-vite\/","og_locale":"en_GB","og_type":"article","og_title":"Al filo delle vite | Arteaporte","og_description":"Sandrine Pillon  &nbsp;  Tecnica: Stampa di una fotografia su cotone, rielaborata con pennarello e pittura, quindi cucita a mano  Anno: 2026  Dimensione: 33cm x 120cm  Descrizione: Cammino tra tombe dimenticate in ogni continente che visito Perch\u00e9 proprio questa e non un'altra? \u2028Non lo so. Qualcosa si ferma in me. E questo basta. Fotografo le tracce lasciate da una vita. L'immagine \u00e8 stampata sul cotone. La riprendo con il pennarello e la pittura, poi la cucio. Non cerco n\u00e9 di riparare n\u00e9 di abbellire.\u2028Rendo omaggio. Il filo entra ed esce, al ritmo del respiro. Per un istante, veglia sulle tracce che il tempo ha reso silenziose.","og_url":"https:\/\/www.arteaporte.com\/en\/product\/al-filo-delle-vite\/","og_site_name":"Arteaporte","article_publisher":"https:\/\/www.facebook.com\/artaporter.it","og_image":[{"width":800,"height":800,"url":"https:\/\/www.arteaporte.com\/wp-content\/uploads\/2026\/09\/al-filo.jpg","type":"image\/jpeg"}],"twitter_card":"summary_large_image","twitter_misc":{"Estimated reading time":"1 minute"},"schema":{"@context":"https:\/\/schema.org","@graph":[{"@type":"WebPage","@id":"https:\/\/www.arteaporte.com\/prodotto\/al-filo-delle-vite\/","url":"https:\/\/www.arteaporte.com\/prodotto\/al-filo-delle-vite\/","name":"Al filo delle vite | Arteaporte","isPartOf":{"@id":"https:\/\/www.arteaporte.com\/#website"},"primaryImageOfPage":{"@id":"https:\/\/www.arteaporte.com\/prodotto\/al-filo-delle-vite\/#primaryimage"},"image":{"@id":"https:\/\/www.arteaporte.com\/prodotto\/al-filo-delle-vite\/#primaryimage"},"thumbnailUrl":"https:\/\/www.arteaporte.com\/wp-content\/uploads\/2026\/09\/al-filo.jpg","datePublished":"2026-09-02T14:31:46+00:00","breadcrumb":{"@id":"https:\/\/www.arteaporte.com\/prodotto\/al-filo-delle-vite\/#breadcrumb"},"inLanguage":"en-GB","potentialAction":[{"@type":"ReadAction","target":["https:\/\/www.arteaporte.com\/prodotto\/al-filo-delle-vite\/"]}]},{"@type":"ImageObject","inLanguage":"en-GB","@id":"https:\/\/www.arteaporte.com\/prodotto\/al-filo-delle-vite\/#primaryimage","url":"https:\/\/www.arteaporte.com\/wp-content\/uploads\/2026\/09\/al-filo.jpg","contentUrl":"https:\/\/www.arteaporte.com\/wp-content\/uploads\/2026\/09\/al-filo.jpg","width":800,"height":800},{"@type":"BreadcrumbList","@id":"https:\/\/www.arteaporte.com\/prodotto\/al-filo-delle-vite\/#breadcrumb","itemListElement":[{"@type":"ListItem","position":1,"name":"Home","item":"https:\/\/www.arteaporte.com\/"},{"@type":"ListItem","position":2,"name":"Opere","item":"https:\/\/www.arteaporte.com\/opere\/"},{"@type":"ListItem","position":3,"name":"Al filo delle vite"}]},{"@type":"WebSite","@id":"https:\/\/www.arteaporte.com\/#website","url":"https:\/\/www.arteaporte.com\/","name":"Arteaporte","description":"Connecting Artists, Spaces and Brands","publisher":{"@id":"https:\/\/www.arteaporte.com\/#organization"},"potentialAction":[{"@type":"SearchAction","target":{"@type":"EntryPoint","urlTemplate":"https:\/\/www.arteaporte.com\/?s={search_term_string}"},"query-input":{"@type":"PropertyValueSpecification","valueRequired":true,"valueName":"search_term_string"}}],"inLanguage":"en-GB"},{"@type":"Organization","@id":"https:\/\/www.arteaporte.com\/#organization","name":"Art\u00e0porter","url":"https:\/\/www.arteaporte.com\/","logo":{"@type":"ImageObject","inLanguage":"en-GB","@id":"https:\/\/www.arteaporte.com\/#\/schema\/logo\/image\/","url":"https:\/\/arteaporte.com\/wp-content\/uploads\/2021\/10\/Artaporter-logo-normal2.jpg","contentUrl":"https:\/\/arteaporte.com\/wp-content\/uploads\/2021\/10\/Artaporter-logo-normal2.jpg","width":200,"height":48,"caption":"Art\u00e0porter"},"image":{"@id":"https:\/\/www.arteaporte.com\/#\/schema\/logo\/image\/"},"sameAs":["https:\/\/www.facebook.com\/artaporter.it","https:\/\/www.instagram.com\/art.aporter\/?hl=it"]}]}},"_links":{"self":[{"href":"https:\/\/www.arteaporte.com\/en\/wp-json\/wp\/v2\/product\/48319","targetHints":{"allow":["GET"]}}],"collection":[{"href":"https:\/\/www.arteaporte.com\/en\/wp-json\/wp\/v2\/product"}],"about":[{"href":"https:\/\/www.arteaporte.com\/en\/wp-json\/wp\/v2\/types\/product"}],"wp:featuredmedia":[{"embeddable":true,"href":"https:\/\/www.arteaporte.com\/en\/wp-json\/wp\/v2\/media\/48323"}],"wp:attachment":[{"href":"https:\/\/www.arteaporte.com\/en\/wp-json\/wp\/v2\/media?parent=48319"}],"wp:term":[{"taxonomy":"product_brand","embeddable":true,"href":"https:\/\/www.arteaporte.com\/en\/wp-json\/wp\/v2\/product_brand?post=48319"},{"taxonomy":"product_cat","embeddable":true,"href":"https:\/\/www.arteaporte.com\/en\/wp-json\/wp\/v2\/product_cat?post=48319"},{"taxonomy":"product_tag","embeddable":true,"href":"https:\/\/www.arteaporte.com\/en\/wp-json\/wp\/v2\/product_tag?post=48319"}],"curies":[{"name":"wp","href":"https:\/\/api.w.org\/{rel}","templated":true}]}}

<p>Una volta effettuato l’acquisto, sarai messo in contatto con il nostro staff per definire la modalità di consegna.<br />
Se hai necessità specifiche, puoi contattare il team di Artàporter: <a href="mailto:info@artaporter.it">info@artaporter.it</a></p>

<p><a href="https://www.arteaporte.com/avada_portfolio/sandrine-pillon/">Sandrine Pillon</a></p>
<p>&nbsp;</p>
<p>Tecnica: Stampa di una fotografia su cotone, rielaborata con pennarello e pittura, quindi cucita a mano</p>
<p>Anno: 2026</p>
<p>Dimensione: 33cm x 120cm</p>
<p>Descrizione: Cammino tra tombe dimenticate in ogni continente che visito<br />
Perché proprio questa e non un&#8217;altra?  Non lo so.<br />
Qualcosa si ferma in me. E questo basta.<br />
Fotografo le tracce lasciate da una vita.<br />
L&#8217;immagine è stampata sul cotone. La riprendo con il pennarello e la pittura, poi la cucio.<br />
Non cerco né di riparare né di abbellire. Rendo omaggio.<br />
Il filo entra ed esce, al ritmo del respiro.<br />
Per un istante, veglia sulle tracce che il tempo ha reso silenziose.</p>

<!-- This site is optimized with the Yoast SEO plugin v27.6 - https://yoast.com/product/yoast-seo-wordpress/ -->
<title>Al filo delle vite | Arteaporte</title>
<meta name="robots" content="index, follow, max-snippet:-1, max-image-preview:large, max-video-preview:-1" />
<link rel="canonical" href="https://www.arteaporte.com/en/product/al-filo-delle-vite/" />
<meta property="og:locale" content="en_GB" />
<meta property="og:type" content="article" />
<meta property="og:title" content="Al filo delle vite | Arteaporte" />
<meta property="og:description" content="Sandrine Pillon  &nbsp;  Tecnica: Stampa di una fotografia su cotone, rielaborata con pennarello e pittura, quindi cucita a mano  Anno: 2026  Dimensione: 33cm x 120cm  Descrizione: Cammino tra tombe dimenticate in ogni continente che visito Perché proprio questa e non un&#039;altra?  Non lo so. Qualcosa si ferma in me. E questo basta. Fotografo le tracce lasciate da una vita. L&#039;immagine è stampata sul cotone. La riprendo con il pennarello e la pittura, poi la cucio. Non cerco né di riparare né di abbellire. Rendo omaggio. Il filo entra ed esce, al ritmo del respiro. Per un istante, veglia sulle tracce che il tempo ha reso silenziose." />
<meta property="og:url" content="https://www.arteaporte.com/en/product/al-filo-delle-vite/" />
<meta property="og:site_name" content="Arteaporte" />
<meta property="article:publisher" content="https://www.facebook.com/artaporter.it" />
<meta property="og:image" content="https://www.arteaporte.com/wp-content/uploads/2026/09/al-filo.jpg" />
	<meta property="og:image:width" content="800" />
	<meta property="og:image:height" content="800" />
	<meta property="og:image:type" content="image/jpeg" />
<meta name="twitter:card" content="summary_large_image" />
<meta name="twitter:label1" content="Estimated reading time" />
	<meta name="twitter:data1" content="1 minute" />
<script type="application/ld+json" class="yoast-schema-graph">{"@context":"https:\/\/schema.org","@graph":[{"@type":"WebPage","@id":"https:\/\/www.arteaporte.com\/prodotto\/al-filo-delle-vite\/","url":"https:\/\/www.arteaporte.com\/prodotto\/al-filo-delle-vite\/","name":"Al filo delle vite | Arteaporte","isPartOf":{"@id":"https:\/\/www.arteaporte.com\/#website"},"primaryImageOfPage":{"@id":"https:\/\/www.arteaporte.com\/prodotto\/al-filo-delle-vite\/#primaryimage"},"image":{"@id":"https:\/\/www.arteaporte.com\/prodotto\/al-filo-delle-vite\/#primaryimage"},"thumbnailUrl":"https:\/\/www.arteaporte.com\/wp-content\/uploads\/2026\/09\/al-filo.jpg","datePublished":"2026-09-02T14:31:46+00:00","breadcrumb":{"@id":"https:\/\/www.arteaporte.com\/prodotto\/al-filo-delle-vite\/#breadcrumb"},"inLanguage":"en-GB","potentialAction":[{"@type":"ReadAction","target":["https:\/\/www.arteaporte.com\/prodotto\/al-filo-delle-vite\/"]}]},{"@type":"ImageObject","inLanguage":"en-GB","@id":"https:\/\/www.arteaporte.com\/prodotto\/al-filo-delle-vite\/#primaryimage","url":"https:\/\/www.arteaporte.com\/wp-content\/uploads\/2026\/09\/al-filo.jpg","contentUrl":"https:\/\/www.arteaporte.com\/wp-content\/uploads\/2026\/09\/al-filo.jpg","width":800,"height":800},{"@type":"BreadcrumbList","@id":"https:\/\/www.arteaporte.com\/prodotto\/al-filo-delle-vite\/#breadcrumb","itemListElement":[{"@type":"ListItem","position":1,"name":"Home","item":"https:\/\/www.arteaporte.com\/"},{"@type":"ListItem","position":2,"name":"Opere","item":"https:\/\/www.arteaporte.com\/opere\/"},{"@type":"ListItem","position":3,"name":"Al filo delle vite"}]},{"@type":"WebSite","@id":"https:\/\/www.arteaporte.com\/#website","url":"https:\/\/www.arteaporte.com\/","name":"Arteaporte","description":"Connecting Artists, Spaces and Brands","publisher":{"@id":"https:\/\/www.arteaporte.com\/#organization"},"potentialAction":[{"@type":"SearchAction","target":{"@type":"EntryPoint","urlTemplate":"https:\/\/www.arteaporte.com\/?s={search_term_string}"},"query-input":{"@type":"PropertyValueSpecification","valueRequired":true,"valueName":"search_term_string"}}],"inLanguage":"en-GB"},{"@type":"Organization","@id":"https:\/\/www.arteaporte.com\/#organization","name":"Artàporter","url":"https:\/\/www.arteaporte.com\/","logo":{"@type":"ImageObject","inLanguage":"en-GB","@id":"https:\/\/www.arteaporte.com\/#\/schema\/logo\/image\/","url":"https:\/\/arteaporte.com\/wp-content\/uploads\/2021\/10\/Artaporter-logo-normal2.jpg","contentUrl":"https:\/\/arteaporte.com\/wp-content\/uploads\/2021\/10\/Artaporter-logo-normal2.jpg","width":200,"height":48,"caption":"Artàporter"},"image":{"@id":"https:\/\/www.arteaporte.com\/#\/schema\/logo\/image\/"},"sameAs":["https:\/\/www.facebook.com\/artaporter.it","https:\/\/www.instagram.com\/art.aporter\/?hl=it"]}]}</script>
<!-- / Yoast SEO plugin. -->

Sandrine Pillon  &nbsp;  Tecnica: Stampa di una fotografia su cotone, rielaborata con pennarello e pittura, quindi cucita a mano  Anno: 2026  Dimensione: 33cm x 120cm  Descrizione: Cammino tra tombe dimenticate in ogni continente che visito Perché proprio questa e non un'altra?  Non lo so. Qualcosa si ferma in me. E questo basta. Fotografo le tracce lasciate da una vita. L'immagine è stampata sul cotone. La riprendo con il pennarello e la pittura, poi la cucio. Non cerco né di riparare né di abbellire. Rendo omaggio. Il filo entra ed esce, al ritmo del respiro. Per un istante, veglia sulle tracce che il tempo ha reso silenziose.

Artàporter
